CRAN Package Check Results for Package importinegi

Last updated on 2022-11-16 08:02:54 CET.

Flavor Version Tinstall Tcheck Ttotal Status Flags
r-devel-linux-x86_64-debian-clang 1.1.3 NOTE
r-devel-linux-x86_64-debian-gcc 1.1.3 2.91 24.57 27.48 NOTE
r-devel-linux-x86_64-fedora-clang 1.1.3 53.36 NOTE
r-devel-linux-x86_64-fedora-gcc 1.1.3 53.57 NOTE
r-devel-windows-x86_64 1.1.3 17.00 64.00 81.00 NOTE
r-patched-linux-x86_64 1.1.3 2.35 30.25 32.60 NOTE
r-release-linux-x86_64 1.1.3 2.53 29.62 32.15 NOTE
r-release-macos-arm64 1.1.3 18.00 NOTE
r-release-macos-x86_64 1.1.3 29.00 NOTE
r-release-windows-x86_64 1.1.3 21.00 64.00 85.00 NOTE
r-oldrel-macos-arm64 1.1.3 22.00 NOTE
r-oldrel-macos-x86_64 1.1.3 32.00 NOTE
r-oldrel-windows-ix86+x86_64 1.1.3 9.00 55.00 64.00 NOTE

Check Details

Version: 1.1.3
Check: LazyData
Result: NOTE
     'LazyData' is specified without a 'data' directory
Flavors: r-devel-linux-x86_64-debian-clang, r-devel-linux-x86_64-debian-gcc, r-devel-linux-x86_64-fedora-clang, r-devel-linux-x86_64-fedora-gcc, r-devel-windows-x86_64, r-patched-linux-x86_64, r-release-linux-x86_64, r-release-macos-arm64, r-release-macos-x86_64, r-release-windows-x86_64, r-oldrel-macos-arm64, r-oldrel-macos-x86_64, r-oldrel-windows-ix86+x86_64

Version: 1.1.3
Check: dependencies in R code
Result: NOTE
    Namespaces in Imports field not imported from:
     ‘data.table’ ‘dplyr’ ‘haven’
     All declared Imports should be used.
Flavors: r-devel-linux-x86_64-fedora-clang, r-devel-linux-x86_64-fedora-gcc, r-release-macos-arm64, r-release-macos-x86_64, r-oldrel-macos-arm64, r-oldrel-macos-x86_64