CRAN Package Check Results for Package idendr0

Last updated on 2022-09-27 08:53:18 CEST.

Flavor Version Tinstall Tcheck Ttotal Status Flags
r-devel-linux-x86_64-debian-clang 1.5.3 6.45 40.91 47.36 NOTE
r-devel-linux-x86_64-debian-gcc 1.5.3 4.54 32.01 36.55 NOTE
r-devel-linux-x86_64-fedora-clang 1.5.3 73.55 NOTE
r-devel-linux-x86_64-fedora-gcc 1.5.3 68.86 NOTE
r-devel-windows-x86_64 1.5.3 26.00 75.00 101.00 NOTE
r-patched-linux-x86_64 1.5.3 6.64 42.61 49.25 NOTE
r-release-linux-x86_64 1.5.3 6.10 42.31 48.41 NOTE
r-release-macos-arm64 1.5.3 29.00 NOTE
r-release-macos-x86_64 1.5.3 40.00 NOTE
r-release-windows-x86_64 1.5.3 22.00 67.00 89.00 NOTE
r-oldrel-macos-arm64 1.5.3 43.00 NOTE
r-oldrel-macos-x86_64 1.5.3 78.00 NOTE
r-oldrel-windows-ix86+x86_64 1.5.3 10.00 58.00 68.00 OK

Check Details

Version: 1.5.3
Check: package dependencies
Result: NOTE
    Package suggested but not available for checking: 'rggobi'
Flavors: r-devel-linux-x86_64-debian-clang, r-devel-linux-x86_64-debian-gcc, r-devel-linux-x86_64-fedora-clang, r-devel-linux-x86_64-fedora-gcc, r-devel-windows-x86_64, r-patched-linux-x86_64, r-release-linux-x86_64, r-release-macos-arm64, r-release-macos-x86_64, r-release-windows-x86_64, r-oldrel-macos-arm64, r-oldrel-macos-x86_64