CRAN Package Check Results for Package idem

Last updated on 2024-04-20 20:00:08 CEST.

Flavor Version Tinstall Tcheck Ttotal Status Flags
r-devel-linux-x86_64-debian-clang 5.2 160.62 272.62 433.24 NOTE
r-devel-linux-x86_64-debian-gcc 5.2 148.91 210.19 359.10 NOTE
r-devel-linux-x86_64-fedora-clang 5.2 540.15 NOTE
r-devel-linux-x86_64-fedora-gcc 5.2 596.91 NOTE
r-prerel-macos-arm64 5.2 145.00 NOTE
r-prerel-windows-x86_64 5.2 139.00 208.00 347.00 NOTE
r-patched-linux-x86_64 5.2 146.91 274.69 421.60 NOTE
r-release-linux-x86_64 5.2 142.50 269.63 412.13 NOTE
r-release-macos-arm64 5.2 84.00 NOTE
r-release-macos-x86_64 5.2 174.00 NOTE
r-release-windows-x86_64 5.2 165.00 262.00 427.00 NOTE
r-oldrel-macos-arm64 5.2 95.00 NOTE
r-oldrel-windows-x86_64 5.2 150.00 262.00 412.00 NOTE

Check Details

Version: 5.2
Check: Rd files
Result: NOTE checkRd: (-1) imInfer.Rd:34-35: Lost braces in \itemize; meant \describe ? checkRd: (-1) imInfer.Rd:35-36: Lost braces in \itemize; meant \describe ? checkRd: (-1) plot.IDEMDATA.Rd:22-23: Lost braces in \itemize; meant \describe ? checkRd: (-1) plot.IDEMDATA.Rd:25: Lost braces in \itemize; meant \describe ? checkRd: (-1) plot.IDEMDATA.Rd:27: Lost braces in \itemize; meant \describe ? checkRd: (-1) plot.IDEMIMP.Rd:14: Lost braces in \itemize; meant \describe ? checkRd: (-1) plot.IDEMIMP.Rd:15: Lost braces in \itemize; meant \describe ? checkRd: (-1) plot.IDEMIMP.Rd:27-28: Lost braces in \itemize; meant \describe ? checkRd: (-1) plot.IDEMIMP.Rd:30-32: Lost braces in \itemize; meant \describe ? checkRd: (-1) plot.IDEMIMP.Rd:34: Lost braces in \itemize; meant \describe ? checkRd: (-1) plot.IDEMIMP.Rd:36: Lost braces in \itemize; meant \describe ? checkRd: (-1) plot.IDEMIMP.Rd:38: Lost braces in \itemize; meant \describe ? checkRd: (-1) plot.IDEMIMP.Rd:40: Lost braces in \itemize; meant \describe ? checkRd: (-1) plot.IDEMIMP.Rd:42: Lost braces in \itemize; meant \describe ? checkRd: (-1) plot.IDEMIMP.Rd:44: Lost braces in \itemize; meant \describe ? checkRd: (-1) plot.IDEMIMP.Rd:51-53: Lost braces in \itemize; meant \describe ? checkRd: (-1) plot.IDEMIMP.Rd:55-58: Lost braces in \itemize; meant \describe ? checkRd: (-1) plot.IDEMIMP.Rd:60-63: Lost braces in \itemize; meant \describe ? checkRd: (-1) plot.IDEMIMP.Rd:65-66: Lost braces in \itemize; meant \describe ? checkRd: (-1) plot.IDEMIMP.Rd:69-70: Lost braces in \itemize; meant \describe ? checkRd: (-1) plot.IDEMIMP.Rd:72-73: Lost braces in \itemize; meant \describe ? checkRd: (-1) plot.IDEMIMP.Rd:75: Lost braces in \itemize; meant \describe ? checkRd: (-1) summary.IDEMDATA.Rd:15: Lost braces in \itemize; meant \describe ? checkRd: (-1) summary.IDEMDATA.Rd:17-18: Lost braces in \itemize; meant \describe ? checkRd: (-1) summary.IDEMDATA.Rd:20: Lost braces in \itemize; meant \describe ? checkRd: (-1) summary.IDEMINFER.Rd:14: Lost braces in \itemize; meant \describe ? checkRd: (-1) summary.IDEMINFER.Rd:15: Lost braces in \itemize; meant \describe ? Flavors: r-devel-linux-x86_64-debian-clang, r-devel-linux-x86_64-debian-gcc, r-devel-linux-x86_64-fedora-clang, r-devel-linux-x86_64-fedora-gcc, r-prerel-macos-arm64, r-prerel-windows-x86_64, r-patched-linux-x86_64

Version: 5.2
Check: for GNU extensions in Makefiles
Result: NOTE GNU make is a SystemRequirements. Flavors: r-devel-linux-x86_64-debian-clang, r-devel-linux-x86_64-debian-gcc, r-devel-linux-x86_64-fedora-clang, r-devel-linux-x86_64-fedora-gcc, r-prerel-macos-arm64, r-prerel-windows-x86_64, r-patched-linux-x86_64, r-release-linux-x86_64, r-release-macos-arm64, r-release-macos-x86_64, r-release-windows-x86_64, r-oldrel-macos-arm64, r-oldrel-windows-x86_64

Version: 5.2
Check: installed package size
Result: NOTE installed size is 38.4Mb sub-directories of 1Mb or more: doc 1.2Mb libs 36.7Mb Flavors: r-prerel-macos-arm64, r-release-macos-arm64, r-release-macos-x86_64, r-oldrel-macos-arm64