CRAN Package Check Results for Package idefix

Last updated on 2023-10-01 08:52:01 CEST.

Flavor Version Tinstall Tcheck Ttotal Status Flags
r-devel-linux-x86_64-debian-clang 1.0.3 48.29 71.53 119.82 NOTE
r-devel-linux-x86_64-debian-gcc 1.0.3 32.87 53.01 85.88 NOTE
r-devel-linux-x86_64-fedora-clang 1.0.3 164.06 NOTE
r-devel-linux-x86_64-fedora-gcc 1.0.3 160.20 NOTE
r-devel-windows-x86_64 1.0.3 43.00 93.00 136.00 NOTE
r-patched-linux-x86_64 1.0.3 49.53 69.45 118.98 NOTE
r-release-linux-x86_64 1.0.3 46.76 69.35 116.11 NOTE
r-release-macos-arm64 1.0.3 39.00 NOTE
r-release-macos-x86_64 1.0.3 70.00 NOTE
r-release-windows-x86_64 1.0.3 50.00 108.00 158.00 NOTE
r-oldrel-macos-arm64 1.0.3 41.00 OK
r-oldrel-macos-x86_64 1.0.3 73.00 OK
r-oldrel-windows-x86_64 1.0.3 52.00 110.00 162.00 OK

Check Details

Version: 1.0.3
Check: C++ specification
Result: NOTE
     Specified C++11: please drop specification unless essential
Flavors: r-devel-linux-x86_64-debian-clang, r-devel-linux-x86_64-debian-gcc, r-devel-linux-x86_64-fedora-clang, r-devel-linux-x86_64-fedora-gcc, r-devel-windows-x86_64, r-patched-linux-x86_64, r-release-linux-x86_64, r-release-macos-arm64, r-release-macos-x86_64, r-release-windows-x86_64

Version: 1.0.3
Check: Rd cross-references
Result: NOTE
    Undeclared packages ‘mlogit’, ‘logitr’ in Rd xrefs
Flavor: r-devel-linux-x86_64-fedora-clang