CRAN Package Check Results for Package icenReg

Last updated on 2022-10-02 08:55:16 CEST.

Flavor Version Tinstall Tcheck Ttotal Status Flags
r-devel-linux-x86_64-debian-clang 2.0.15 77.77 177.41 255.18 OK
r-devel-linux-x86_64-debian-gcc 2.0.15 61.20 132.12 193.32 OK
r-devel-linux-x86_64-fedora-clang 2.0.15 330.53 OK
r-devel-linux-x86_64-fedora-gcc 2.0.15 325.60 OK
r-devel-windows-x86_64 2.0.15 94.00 326.00 420.00 OK
r-patched-linux-x86_64 2.0.15 68.14 176.43 244.57 OK
r-release-linux-x86_64 2.0.15 73.67 173.50 247.17 OK
r-release-macos-arm64 2.0.15 114.00 NOTE
r-release-macos-x86_64 2.0.15 146.00 NOTE
r-release-windows-x86_64 2.0.15 85.00 324.00 409.00 OK
r-oldrel-macos-arm64 2.0.15 126.00 NOTE
r-oldrel-macos-x86_64 2.0.15 218.00 NOTE
r-oldrel-windows-ix86+x86_64 2.0.15 152.00 361.00 513.00 OK

Check Details

Version: 2.0.15
Check: installed package size
Result: NOTE
     installed size is 16.4Mb
     sub-directories of 1Mb or more:
     libs 15.0Mb
Flavors: r-release-macos-arm64, r-release-macos-x86_64, r-oldrel-macos-arm64, r-oldrel-macos-x86_64