CRAN Package Check Results for Package hyfo

Last updated on 2024-07-18 08:51:10 CEST.

Flavor Version Tinstall Tcheck Ttotal Status Flags
r-devel-linux-x86_64-debian-clang 1.4.6 15.20 91.84 107.04 NOTE
r-devel-linux-x86_64-debian-gcc 1.4.6 11.03 104.35 115.38 NOTE
r-devel-linux-x86_64-fedora-clang 1.4.6 190.56 NOTE
r-devel-linux-x86_64-fedora-gcc 1.4.6 187.07 NOTE
r-devel-windows-x86_64 1.4.6 13.00 124.00 137.00 NOTE
r-patched-linux-x86_64 1.4.6 12.82 96.19 109.01 NOTE
r-release-linux-x86_64 1.4.6 10.39 96.59 106.98 NOTE
r-release-macos-arm64 1.4.6 58.00 NOTE
r-release-macos-x86_64 1.4.6 97.00 NOTE
r-release-windows-x86_64 1.4.6 14.00 126.00 140.00 NOTE
r-oldrel-macos-arm64 1.4.6 62.00 OK
r-oldrel-macos-x86_64 1.4.6 90.00 OK
r-oldrel-windows-x86_64 1.4.6 17.00 150.00 167.00 OK

Check Details

Version: 1.4.6
Check: Rd files
Result: NOTE checkRd: (-1) extractPeriod.Rd:57: Lost braces 57 | NOTE: all the dates in the datalist should follow the format in ?as.Date{base}. | ^ Flavors: r-devel-linux-x86_64-debian-clang, r-devel-linux-x86_64-debian-gcc, r-devel-linux-x86_64-fedora-clang, r-devel-linux-x86_64-fedora-gcc, r-devel-windows-x86_64, r-patched-linux-x86_64, r-release-linux-x86_64, r-release-macos-arm64, r-release-macos-x86_64, r-release-windows-x86_64