CRAN Package Check Results for Package hunspell

Last updated on 2022-09-29 08:53:30 CEST.

Flavor Version Tinstall Tcheck Ttotal Status Flags
r-devel-linux-x86_64-debian-clang 3.0.2 62.73 47.24 109.97 OK
r-devel-linux-x86_64-debian-gcc 3.0.2 46.99 42.00 88.99 OK
r-devel-linux-x86_64-fedora-clang 3.0.2 190.11 OK
r-devel-linux-x86_64-fedora-gcc 3.0.2 167.78 OK
r-devel-windows-x86_64 3.0.2 69.00 119.00 188.00 OK
r-patched-linux-x86_64 3.0.2 56.23 53.09 109.32 OK
r-release-linux-x86_64 3.0.2 54.78 52.89 107.67 OK
r-release-macos-arm64 3.0.2 69.00 NOTE
r-release-macos-x86_64 3.0.2 126.00 NOTE
r-release-windows-x86_64 3.0.2 81.00 122.00 203.00 OK
r-oldrel-macos-arm64 3.0.2 67.00 NOTE
r-oldrel-macos-x86_64 3.0.2 121.00 NOTE
r-oldrel-windows-ix86+x86_64 3.0.2 152.00 138.00 290.00 NOTE

Check Details

Version: 3.0.2
Check: installed package size
Result: NOTE
     installed size is 7.7Mb
     sub-directories of 1Mb or more:
     dict 1.5Mb
     libs 5.2Mb
Flavors: r-release-macos-arm64, r-release-macos-x86_64, r-oldrel-macos-arm64, r-oldrel-macos-x86_64, r-oldrel-windows-ix86+x86_64