CRAN Package Check Results for Package hrt

Last updated on 2024-02-21 19:53:16 CET.

Flavor Version Tinstall Tcheck Ttotal Status Flags
r-devel-linux-x86_64-debian-clang 1.0.1 OK
r-devel-linux-x86_64-debian-gcc 1.0.1 35.79 29.86 65.65 OK
r-devel-linux-x86_64-fedora-clang 1.0.1 118.22 OK
r-devel-linux-x86_64-fedora-gcc 1.0.1 118.54 OK
r-devel-windows-x86_64 1.0.1 37.00 74.00 111.00 OK
r-patched-linux-x86_64 1.0.1 55.14 38.14 93.28 OK
r-release-linux-x86_64 1.0.1 44.50 37.62 82.12 OK
r-release-macos-arm64 1.0.1 36.00 NOTE
r-release-macos-x86_64 1.0.1 53.00 NOTE
r-release-windows-x86_64 1.0.1 47.00 82.00 129.00 OK
r-oldrel-macos-arm64 1.0.1 38.00 NOTE
r-oldrel-windows-x86_64 1.0.1 45.00 79.00 124.00 OK

Check Details

Version: 1.0.1
Check: installed package size
Result: NOTE installed size is 5.9Mb sub-directories of 1Mb or more: libs 5.7Mb Flavors: r-release-macos-arm64, r-release-macos-x86_64, r-oldrel-macos-arm64