CRAN Package Check Results for Package hpoPlot

Last updated on 2024-02-21 19:53:16 CET.

Flavor Version Tinstall Tcheck Ttotal Status Flags
r-devel-linux-x86_64-debian-clang 2.4 NOTE
r-devel-linux-x86_64-debian-gcc 2.4 4.35 52.36 56.71 NOTE
r-devel-linux-x86_64-fedora-clang 2.4 88.22 NOTE
r-devel-linux-x86_64-fedora-gcc 2.4 104.02 NOTE
r-devel-windows-x86_64 2.4 6.00 81.00 87.00 NOTE
r-patched-linux-x86_64 2.4 6.03 65.23 71.26 OK
r-release-linux-x86_64 2.4 5.49 65.46 70.95 OK
r-release-macos-arm64 2.4 37.00 OK
r-release-macos-x86_64 2.4 65.00 OK
r-release-windows-x86_64 2.4 7.00 89.00 96.00 OK
r-oldrel-macos-arm64 2.4 37.00 OK
r-oldrel-windows-x86_64 2.4 8.00 88.00 96.00 OK

Check Details

Version: 2.4
Check: Rd metadata
Result: NOTE Rd files without \alias: ‘hpoPlot-package.Rd’ Flavors: r-devel-linux-x86_64-debian-clang, r-devel-linux-x86_64-debian-gcc, r-devel-linux-x86_64-fedora-clang, r-devel-linux-x86_64-fedora-gcc, r-devel-windows-x86_64