Last updated on 2023-01-28 08:00:36 CET.
Flavor | Version | Tinstall | Tcheck | Ttotal | Status | Flags |
---|---|---|---|---|---|---|
r-devel-linux-x86_64-debian-clang | 0.5.1 | 66.18 | 28.93 | 95.11 | OK | |
r-devel-linux-x86_64-debian-gcc | 0.5.1 | 54.96 | 22.87 | 77.83 | NOTE | |
r-devel-linux-x86_64-fedora-clang | 0.5.1 | 192.12 | OK | |||
r-devel-linux-x86_64-fedora-gcc | 0.5.1 | 143.02 | NOTE | |||
r-devel-windows-x86_64 | 0.5.1 | 195.00 | 97.00 | 292.00 | OK | |
r-patched-linux-x86_64 | 0.5.1 | 63.36 | 28.16 | 91.52 | OK | |
r-release-linux-x86_64 | 0.5.1 | 62.21 | 28.17 | 90.38 | OK | |
r-release-macos-arm64 | 0.5.1 | 47.00 | NOTE | |||
r-release-macos-x86_64 | 0.5.1 | 81.00 | NOTE | |||
r-release-windows-x86_64 | 0.5.1 | 126.00 | 79.00 | 205.00 | OK | |
r-oldrel-macos-arm64 | 0.5.1 | 47.00 | NOTE | |||
r-oldrel-macos-x86_64 | 0.5.1 | 79.00 | NOTE | |||
r-oldrel-windows-ix86+x86_64 | 0.5.1 | 171.00 | 70.00 | 241.00 | OK |
Version: 0.5.1
Check: C++ specification
Result: NOTE
Specified C++11: please update to current default of C++17
Flavors: r-devel-linux-x86_64-debian-gcc, r-devel-linux-x86_64-fedora-gcc
Version: 0.5.1
Check: installed package size
Result: NOTE
installed size is 9.2Mb
sub-directories of 1Mb or more:
highlight 1.0Mb
libs 8.0Mb
Flavors: r-release-macos-arm64, r-release-macos-x86_64, r-oldrel-macos-arm64, r-oldrel-macos-x86_64