CRAN Package Check Results for Package hettx

Last updated on 2024-07-17 08:55:14 CEST.

Flavor Version Tinstall Tcheck Ttotal Status Flags
r-devel-linux-x86_64-debian-clang 0.1.3 18.11 340.33 358.44 OK
r-devel-linux-x86_64-debian-gcc 0.1.3 11.52 241.99 253.51 ERROR
r-devel-linux-x86_64-fedora-clang 0.1.3 425.10 OK
r-devel-linux-x86_64-fedora-gcc 0.1.3 415.32 OK
r-devel-windows-x86_64 0.1.3 13.00 233.00 246.00 OK
r-patched-linux-x86_64 0.1.3 16.95 320.00 336.95 OK
r-release-linux-x86_64 0.1.3 9.32 323.37 332.69 OK
r-release-macos-arm64 0.1.3 104.00 OK
r-release-macos-x86_64 0.1.3 227.00 OK
r-release-windows-x86_64 0.1.3 14.00 232.00 246.00 OK
r-oldrel-macos-arm64 0.1.3 111.00 OK
r-oldrel-macos-x86_64 0.1.3 237.00 OK
r-oldrel-windows-x86_64 0.1.3 18.00 305.00 323.00 OK

Check Details

Version: 0.1.3
Check: tests
Result: ERROR Running ‘testthat.R’ [36s/60s] Running the tests in ‘tests/testthat.R’ failed. Complete output: > library(testthat) > library(hettx) > > test_check("hettx") [ FAIL 1 | WARN 0 | SKIP 0 | PASS 29 ] ══ Failed tests ════════════════════════════════════════════════════════════════ ── Error ('test_estimate_systematic.R:99:5'): Main complier methods work ─────── Error in `est.beta.LATE(formula = formula, data = data, interaction.formula = interaction.formula, method = method, na.rm = na.rm)`: min(n11, n10, n01, n00) > 1 is not TRUE Backtrace: ▆ 1. └─hettx::estimate_systematic(...) at test_estimate_systematic.R:99:5 2. └─hettx:::est.beta.LATE(...) 3. └─base::stopifnot(min(n11, n10, n01, n00) > 1) [ FAIL 1 | WARN 0 | SKIP 0 | PASS 29 ] Error: Test failures Execution halted Flavor: r-devel-linux-x86_64-debian-gcc