CRAN Package Check Results for Package hermiter

Last updated on 2023-06-08 20:52:31 CEST.

Flavor Version Tinstall Tcheck Ttotal Status Flags
r-devel-linux-x86_64-debian-clang 2.3.0 31.07 73.21 104.28 NOTE
r-devel-linux-x86_64-debian-gcc 2.3.0 24.05 57.53 81.58 NOTE
r-devel-linux-x86_64-fedora-clang 2.3.0 137.74 NOTE
r-devel-linux-x86_64-fedora-gcc 2.3.0 147.37 NOTE
r-devel-windows-x86_64 2.3.0 31.00 104.00 135.00 NOTE
r-patched-linux-x86_64 2.3.0 27.69 73.20 100.89 NOTE
r-release-linux-x86_64 2.3.0 27.66 71.41 99.07 NOTE
r-release-macos-arm64 2.3.0 44.00 NOTE
r-release-macos-x86_64 2.2.0 78.00 NOTE
r-release-windows-x86_64 2.3.0 28.00 116.00 144.00 NOTE
r-oldrel-macos-arm64 2.3.0 41.00 NOTE
r-oldrel-macos-x86_64 2.3.0 54.00 NOTE
r-oldrel-windows-x86_64 2.3.0 34.00 110.00 144.00 NOTE

Check Details

Version: 2.3.0
Check: for GNU extensions in Makefiles
Result: NOTE
    GNU make is a SystemRequirements.
Flavors: r-devel-linux-x86_64-debian-clang, r-devel-linux-x86_64-debian-gcc, r-devel-linux-x86_64-fedora-clang, r-devel-linux-x86_64-fedora-gcc, r-devel-windows-x86_64, r-patched-linux-x86_64, r-release-linux-x86_64, r-release-macos-arm64, r-release-windows-x86_64, r-oldrel-macos-arm64, r-oldrel-macos-x86_64, r-oldrel-windows-x86_64

Version: 2.2.0
Check: C++ specification
Result: NOTE
     Specified C++11: please drop specification unless essential
Flavor: r-release-macos-x86_64

Version: 2.2.0
Check: for GNU extensions in Makefiles
Result: NOTE
    GNU make is a SystemRequirements.
Flavor: r-release-macos-x86_64