Last updated on 2023-09-23 08:10:57 CEST.
Flavor | Version | Tinstall | Tcheck | Ttotal | Status | Flags |
---|---|---|---|---|---|---|
r-devel-linux-x86_64-debian-clang | 1.1.6 | 1613.10 | 277.19 | 1890.29 | NOTE | |
r-devel-linux-x86_64-debian-gcc | 1.1.6 | 1294.68 | 270.87 | 1565.55 | NOTE | |
r-devel-linux-x86_64-fedora-clang | 1.1.6 | 2326.49 | NOTE | |||
r-devel-linux-x86_64-fedora-gcc | 1.1.6 | 2868.06 | NOTE | |||
r-devel-windows-x86_64 | 1.1.6 | 1068.00 | 289.00 | 1357.00 | NOTE | |
r-patched-linux-x86_64 | 1.1.6 | 1212.57 | 352.80 | 1565.37 | NOTE | |
r-release-linux-x86_64 | 1.1.6 | 1234.49 | 341.32 | 1575.81 | NOTE | |
r-release-macos-arm64 | 1.1.6 | 562.00 | NOTE | |||
r-release-macos-x86_64 | 1.1.6 | 441.00 | NOTE | |||
r-release-windows-x86_64 | 1.1.6 | 1407.00 | 390.00 | 1797.00 | NOTE | |
r-oldrel-macos-arm64 | 1.1.6 | 564.00 | NOTE | |||
r-oldrel-macos-x86_64 | 1.1.6 | 701.00 | NOTE | |||
r-oldrel-windows-x86_64 | 1.1.6 | 1330.00 | 358.00 | 1688.00 | NOTE |
Version: 1.1.6
Check: for GNU extensions in Makefiles
Result: NOTE
GNU make is a SystemRequirements.
Flavors: r-devel-linux-x86_64-debian-clang, r-devel-linux-x86_64-debian-gcc, r-devel-linux-x86_64-fedora-clang, r-devel-linux-x86_64-fedora-gcc, r-devel-windows-x86_64, r-patched-linux-x86_64, r-release-linux-x86_64, r-release-macos-arm64, r-release-macos-x86_64, r-release-windows-x86_64, r-oldrel-macos-arm64, r-oldrel-macos-x86_64, r-oldrel-windows-x86_64
Version: 1.1.6
Check: installed package size
Result: NOTE
installed size is 15.6Mb
sub-directories of 1Mb or more:
doc 1.2Mb
libs 13.7Mb
Flavors: r-devel-linux-x86_64-fedora-clang, r-devel-windows-x86_64, r-release-macos-arm64, r-release-macos-x86_64, r-release-windows-x86_64, r-oldrel-macos-arm64, r-oldrel-macos-x86_64, r-oldrel-windows-x86_64