CRAN Package Check Results for Package harmony

Last updated on 2022-11-30 06:53:30 CET.

Flavor Version Tinstall Tcheck Ttotal Status Flags
r-devel-linux-x86_64-debian-clang 0.1.1 53.27 102.80 156.07 OK
r-devel-linux-x86_64-debian-gcc 0.1.1 42.87 77.44 120.31 OK
r-devel-linux-x86_64-fedora-clang 0.1.1 211.87 NOTE
r-devel-linux-x86_64-fedora-gcc 0.1.1 214.70 NOTE
r-devel-windows-x86_64 0.1.1 53.00 160.00 213.00 OK
r-patched-linux-x86_64 0.1.1 46.35 101.85 148.20 OK
r-release-linux-x86_64 0.1.1 40.07 97.82 137.89 OK
r-release-macos-arm64 0.1.1 67.00 NOTE
r-release-macos-x86_64 0.1.1 79.00 NOTE
r-release-windows-x86_64 0.1.1 49.00 162.00 211.00 OK
r-oldrel-macos-arm64 0.1.1 68.00 NOTE
r-oldrel-macos-x86_64 0.1.1 82.00 NOTE
r-oldrel-windows-ix86+x86_64 0.1.1 126.00 170.00 296.00 OK

Check Details

Version: 0.1.1
Check: dependencies in R code
Result: NOTE
    Namespace in Imports field not imported from: ‘tidyr’
     All declared Imports should be used.
Flavors: r-devel-linux-x86_64-fedora-clang, r-devel-linux-x86_64-fedora-gcc, r-release-macos-arm64, r-release-macos-x86_64, r-oldrel-macos-arm64, r-oldrel-macos-x86_64

Version: 0.1.1
Check: installed package size
Result: NOTE
     installed size is 6.8Mb
     sub-directories of 1Mb or more:
     doc 1.2Mb
     libs 5.0Mb
Flavors: r-release-macos-arm64, r-release-macos-x86_64, r-oldrel-macos-arm64, r-oldrel-macos-x86_64