Last updated on 2023-12-01 07:50:06 CET.
Flavor | Version | Tinstall | Tcheck | Ttotal | Status | Flags |
---|---|---|---|---|---|---|
r-devel-linux-x86_64-debian-clang | 1.5.1 | 7.56 | 55.51 | 63.07 | OK | |
r-devel-linux-x86_64-debian-gcc | 1.5.1 | 5.28 | 41.75 | 47.03 | OK | |
r-devel-linux-x86_64-fedora-clang | 1.5.1 | 76.82 | NOTE | |||
r-devel-linux-x86_64-fedora-gcc | 1.5.1 | 73.78 | NOTE | |||
r-devel-windows-x86_64 | 1.5.1 | 9.00 | 59.00 | 68.00 | OK | |
r-patched-linux-x86_64 | 1.5.1 | 6.29 | 53.10 | 59.39 | OK | |
r-release-linux-x86_64 | 1.5.1 | 5.61 | 53.11 | 58.72 | OK | |
r-release-macos-arm64 | 1.5.1 | 30.00 | OK | |||
r-release-macos-x86_64 | 1.5.1 | 43.00 | OK | |||
r-release-windows-x86_64 | 1.5.1 | 12.00 | 67.00 | 79.00 | OK | |
r-oldrel-macos-arm64 | 1.5.1 | 34.00 | NOTE | |||
r-oldrel-macos-x86_64 | 1.5.1 | 42.00 | NOTE | |||
r-oldrel-windows-x86_64 | 1.5.1 | 11.00 | 71.00 | 82.00 | OK |
Version: 1.5.1
Check: data for non-ASCII characters
Result: NOTE
Note: found 269 marked UTF-8 strings
Flavors: r-devel-linux-x86_64-fedora-clang, r-devel-linux-x86_64-fedora-gcc, r-oldrel-macos-arm64, r-oldrel-macos-x86_64