CRAN Package Check Results for Package gsynth

Last updated on 2022-12-06 07:54:16 CET.

Flavor Version Tinstall Tcheck Ttotal Status Flags
r-devel-linux-x86_64-debian-clang 1.2.1 64.55 130.42 194.97 OK
r-devel-linux-x86_64-debian-gcc 1.2.1 50.16 97.00 147.16 OK
r-devel-linux-x86_64-fedora-clang 1.2.1 261.83 OK
r-devel-linux-x86_64-fedora-gcc 1.2.1 250.99 OK
r-devel-windows-x86_64 1.2.1 164.00 170.00 334.00 OK
r-patched-linux-x86_64 1.2.1 61.75 121.28 183.03 OK
r-release-linux-x86_64 1.2.1 55.37 128.40 183.77 OK
r-release-macos-arm64 1.2.1 61.00 OK
r-release-macos-x86_64 1.2.1 124.00 OK
r-release-windows-x86_64 1.2.1 55.00 166.00 221.00 OK
r-oldrel-macos-arm64 1.2.1 67.00 NOTE
r-oldrel-macos-x86_64 1.2.1 81.00 OK
r-oldrel-windows-ix86+x86_64 1.2.1 148.00 192.00 340.00 OK

Check Details

Version: 1.2.1
Check: installed package size
Result: NOTE
     installed size is 5.5Mb
     sub-directories of 1Mb or more:
     libs 5.1Mb
Flavor: r-oldrel-macos-arm64