Last updated on 2023-03-22 19:53:27 CET.
Flavor | Version | Tinstall | Tcheck | Ttotal | Status | Flags |
---|---|---|---|---|---|---|
r-devel-linux-x86_64-debian-clang | 0.1.0 | 7.05 | 54.17 | 61.22 | OK | |
r-devel-linux-x86_64-debian-gcc | 0.1.0 | 4.81 | 41.69 | 46.50 | OK | |
r-devel-linux-x86_64-fedora-clang | 0.1.0 | 75.40 | NOTE | |||
r-devel-linux-x86_64-fedora-gcc | 0.1.0 | 71.98 | NOTE | |||
r-patched-linux-x86_64 | 0.1.0 | 6.94 | 53.15 | 60.09 | OK | |
r-release-linux-x86_64 | 0.1.0 | 6.15 | 52.62 | 58.77 | OK | |
r-release-macos-arm64 | 0.1.0 | 24.00 | NOTE | |||
r-release-macos-x86_64 | 0.1.0 | 46.00 | NOTE | |||
r-release-windows-x86_64 | 0.1.0 | 16.00 | 83.00 | 99.00 | OK | |
r-oldrel-macos-arm64 | 0.1.0 | 32.00 | NOTE | |||
r-oldrel-macos-x86_64 | 0.1.0 | 43.00 | NOTE | |||
r-oldrel-windows-ix86+x86_64 | 0.1.0 | 14.00 | 80.00 | 94.00 | OK |
Version: 0.1.0
Check: dependencies in R code
Result: NOTE
Namespace in Imports field not imported from: ‘dplyr’
All declared Imports should be used.
Flavors: r-devel-linux-x86_64-fedora-clang, r-devel-linux-x86_64-fedora-gcc, r-release-macos-arm64, r-release-macos-x86_64, r-oldrel-macos-arm64, r-oldrel-macos-x86_64