Last updated on 2023-03-25 19:54:05 CET.
Flavor | Version | Tinstall | Tcheck | Ttotal | Status | Flags |
---|---|---|---|---|---|---|
r-devel-linux-x86_64-debian-clang | 0.15 | 290.19 | 140.11 | 430.30 | OK | |
r-devel-linux-x86_64-debian-gcc | 0.15 | 230.23 | 103.51 | 333.74 | OK | |
r-devel-linux-x86_64-fedora-clang | 0.15 | 592.08 | OK | |||
r-devel-linux-x86_64-fedora-gcc | 0.15 | 574.25 | OK | |||
r-patched-linux-x86_64 | 0.15 | 240.10 | 129.30 | 369.40 | OK | |
r-release-linux-x86_64 | 0.15 | 235.12 | 128.70 | 363.82 | OK | |
r-release-macos-arm64 | 0.15 | 126.00 | NOTE | |||
r-release-macos-x86_64 | 0.15 | 218.00 | NOTE | |||
r-release-windows-x86_64 | 0.15 | 275.00 | 199.00 | 474.00 | OK | |
r-oldrel-macos-arm64 | 0.15 | 141.00 | NOTE | |||
r-oldrel-macos-x86_64 | 0.15 | 150.00 | NOTE | |||
r-oldrel-windows-ix86+x86_64 | 0.15 | 632.00 | 256.00 | 888.00 | OK |
Version: 0.15
Check: installed package size
Result: NOTE
installed size is 14.2Mb
sub-directories of 1Mb or more:
libs 13.8Mb
Flavors: r-release-macos-arm64, r-release-macos-x86_64, r-oldrel-macos-arm64, r-oldrel-macos-x86_64