Last updated on 2022-08-08 20:53:48 CEST.
Flavor | Version | Tinstall | Tcheck | Ttotal | Status | Flags |
---|---|---|---|---|---|---|
r-devel-linux-x86_64-debian-clang | 0.8.0 | 76.68 | 49.11 | 125.79 | OK | |
r-devel-linux-x86_64-debian-gcc | 0.8.0 | 64.44 | 37.52 | 101.96 | OK | |
r-devel-linux-x86_64-fedora-clang | 0.8.0 | 185.71 | OK | |||
r-devel-linux-x86_64-fedora-gcc | 0.8.0 | 167.97 | OK | |||
r-devel-windows-x86_64 | 0.8.0 | 128.00 | 93.00 | 221.00 | OK | |
r-patched-linux-x86_64 | 0.8.0 | 64.29 | 46.32 | 110.61 | OK | |
r-release-linux-x86_64 | 0.8.0 | OK | ||||
r-release-macos-arm64 | 0.8.0 | 44.00 | NOTE | |||
r-release-macos-x86_64 | 0.8.0 | 58.00 | NOTE | |||
r-release-windows-x86_64 | 0.8.0 | 135.00 | 96.00 | 231.00 | OK | |
r-oldrel-macos-arm64 | 0.8.0 | 39.00 | NOTE | |||
r-oldrel-macos-x86_64 | 0.8.0 | 65.00 | NOTE | |||
r-oldrel-windows-ix86+x86_64 | 0.8.0 | 186.00 | 109.00 | 295.00 | OK |
Version: 0.8.0
Check: installed package size
Result: NOTE
installed size is 5.8Mb
sub-directories of 1Mb or more:
help 2.4Mb
libs 3.2Mb
Flavors: r-release-macos-arm64, r-release-macos-x86_64, r-oldrel-macos-arm64, r-oldrel-macos-x86_64