CRAN Package Check Results for Package graph3d

Last updated on 2024-04-17 20:57:36 CEST.

Flavor Version Tinstall Tcheck Ttotal Status Flags
r-devel-linux-x86_64-debian-clang 0.2.0 3.01 32.83 35.84 NOTE
r-devel-linux-x86_64-debian-gcc 0.2.0 2.56 25.39 27.95 NOTE
r-devel-linux-x86_64-fedora-clang 0.2.0 44.61 NOTE
r-devel-linux-x86_64-fedora-gcc 0.2.0 43.62 NOTE
r-prerel-macos-arm64 0.2.0 19.00 NOTE
r-prerel-windows-x86_64 0.2.0 4.00 47.00 51.00 NOTE
r-patched-linux-x86_64 0.2.0 3.62 31.80 35.42 NOTE
r-release-linux-x86_64 0.2.0 2.96 31.04 34.00 NOTE
r-release-macos-arm64 0.2.0 25.00 NOTE
r-release-macos-x86_64 0.2.0 24.00 NOTE
r-release-windows-x86_64 0.2.0 7.00 50.00 57.00 NOTE
r-oldrel-macos-arm64 0.2.0 18.00 NOTE
r-oldrel-windows-x86_64 0.2.0 6.00 52.00 58.00 NOTE

Check Details

Version: 0.2.0
Check: LazyData
Result: NOTE 'LazyData' is specified without a 'data' directory Flavors: r-devel-linux-x86_64-debian-clang, r-devel-linux-x86_64-debian-gcc, r-devel-linux-x86_64-fedora-clang, r-devel-linux-x86_64-fedora-gcc, r-prerel-macos-arm64, r-prerel-windows-x86_64, r-patched-linux-x86_64, r-release-linux-x86_64, r-release-macos-arm64, r-release-macos-x86_64, r-release-windows-x86_64, r-oldrel-macos-arm64, r-oldrel-windows-x86_64