CRAN Package Check Results for Package grafify

Last updated on 2022-11-29 06:50:49 CET.

Flavor Version Tinstall Tcheck Ttotal Status Flags
r-devel-linux-x86_64-debian-clang 3.0.0 20.90 244.69 265.59 OK
r-devel-linux-x86_64-debian-gcc 3.0.0 17.33 178.59 195.92 OK
r-devel-linux-x86_64-fedora-clang 3.0.0 329.83 NOTE
r-devel-linux-x86_64-fedora-gcc 3.0.0 319.97 OK
r-devel-windows-x86_64 3.0.0 65.00 276.00 341.00 OK
r-patched-linux-x86_64 3.0.0 28.03 227.86 255.89 OK
r-release-linux-x86_64 3.0.0 17.64 223.90 241.54 OK
r-release-macos-arm64 3.0.0 62.00 OK
r-release-macos-x86_64 3.0.0 109.00 OK
r-release-windows-x86_64 3.0.0 62.00 271.00 333.00 OK
r-oldrel-macos-arm64 3.0.0 64.00 OK
r-oldrel-macos-x86_64 3.0.0 104.00 OK
r-oldrel-windows-ix86+x86_64 3.0.0 42.00 259.00 301.00 OK

Check Details

Version: 3.0.0
Check: Rd cross-references
Result: NOTE
    Undeclared package ‘gratia’ in Rd xrefs
Flavor: r-devel-linux-x86_64-fedora-clang