CRAN Package Check Results for Package googleLanguageR

Last updated on 2023-02-06 19:54:25 CET.

Flavor Version Tinstall Tcheck Ttotal Status Flags
r-devel-linux-x86_64-debian-clang 0.3.0 7.16 59.23 66.39 NOTE
r-devel-linux-x86_64-debian-gcc 0.3.0 4.65 45.31 49.96 NOTE
r-devel-linux-x86_64-fedora-clang 0.3.0 81.50 NOTE
r-devel-linux-x86_64-fedora-gcc 0.3.0 89.83 NOTE
r-devel-windows-x86_64 0.3.0 43.00 104.00 147.00 NOTE
r-patched-linux-x86_64 0.3.0 7.38 55.73 63.11 NOTE
r-release-linux-x86_64 0.3.0 6.12 54.50 60.62 NOTE
r-release-macos-arm64 0.3.0 35.00 NOTE
r-release-macos-x86_64 0.3.0 47.00 NOTE
r-release-windows-x86_64 0.3.0 62.00 103.00 165.00 NOTE
r-oldrel-macos-arm64 0.3.0 31.00 NOTE
r-oldrel-macos-x86_64 0.3.0 64.00 NOTE
r-oldrel-windows-ix86+x86_64 0.3.0 14.00 87.00 101.00 NOTE

Check Details

Version: 0.3.0
Check: LazyData
Result: NOTE
     'LazyData' is specified without a 'data' directory
Flavors: r-devel-linux-x86_64-debian-clang, r-devel-linux-x86_64-debian-gcc, r-devel-linux-x86_64-fedora-clang, r-devel-linux-x86_64-fedora-gcc, r-devel-windows-x86_64, r-patched-linux-x86_64, r-release-linux-x86_64, r-release-macos-arm64, r-release-macos-x86_64, r-release-windows-x86_64, r-oldrel-macos-arm64, r-oldrel-macos-x86_64, r-oldrel-windows-ix86+x86_64