CRAN Package Check Results for Package gnomonicM

Last updated on 2022-12-07 19:53:02 CET.

Flavor Version Tinstall Tcheck Ttotal Status Flags
r-devel-linux-x86_64-debian-clang 1.0.1 4.93 62.93 67.86 NOTE
r-devel-linux-x86_64-debian-gcc 1.0.1 4.59 47.46 52.05 NOTE
r-devel-linux-x86_64-fedora-clang 1.0.1 93.86 NOTE
r-devel-linux-x86_64-fedora-gcc 1.0.1 102.11 NOTE
r-devel-windows-x86_64 1.0.1 18.00 96.00 114.00 NOTE
r-patched-linux-x86_64 1.0.1 4.68 59.16 63.84 NOTE
r-release-linux-x86_64 1.0.1 5.69 58.29 63.98 NOTE
r-release-macos-arm64 1.0.1 29.00 NOTE
r-release-macos-x86_64 1.0.1 49.00 NOTE
r-release-windows-x86_64 1.0.1 16.00 96.00 112.00 NOTE
r-oldrel-macos-arm64 1.0.1 33.00 NOTE
r-oldrel-macos-x86_64 1.0.1 43.00 NOTE
r-oldrel-windows-ix86+x86_64 1.0.1 14.00 92.00 106.00 NOTE

Check Details

Version: 1.0.1
Check: LazyData
Result: NOTE
     'LazyData' is specified without a 'data' directory
Flavors: r-devel-linux-x86_64-debian-clang, r-devel-linux-x86_64-debian-gcc, r-devel-linux-x86_64-fedora-clang, r-devel-linux-x86_64-fedora-gcc, r-devel-windows-x86_64, r-patched-linux-x86_64, r-release-linux-x86_64, r-release-macos-arm64, r-release-macos-x86_64, r-release-windows-x86_64, r-oldrel-macos-arm64, r-oldrel-macos-x86_64, r-oldrel-windows-ix86+x86_64