Last updated on 2023-04-01 08:55:42 CEST.
Flavor | Version | Tinstall | Tcheck | Ttotal | Status | Flags |
---|---|---|---|---|---|---|
r-devel-linux-x86_64-debian-clang | 0.2.2 | 5.47 | 117.27 | 122.74 | NOTE | |
r-devel-linux-x86_64-debian-gcc | 0.2.2 | 3.02 | 88.98 | 92.00 | NOTE | |
r-devel-linux-x86_64-fedora-clang | 0.2.2 | 148.66 | NOTE | |||
r-devel-linux-x86_64-fedora-gcc | 0.2.2 | 143.81 | NOTE | |||
r-devel-windows-x86_64 | 0.2.2 | 24.00 | 0.00 | 24.00 | NOTE | |
r-patched-linux-x86_64 | 0.2.2 | 7.82 | 112.44 | 120.26 | NOTE | |
r-release-linux-x86_64 | 0.2.2 | 4.41 | 113.96 | 118.37 | NOTE | |
r-release-macos-arm64 | 0.2.2 | 41.00 | NOTE | |||
r-release-macos-x86_64 | 0.2.2 | 61.00 | NOTE | |||
r-release-windows-x86_64 | 0.2.2 | 25.00 | 143.00 | 168.00 | NOTE | |
r-oldrel-macos-arm64 | 0.2.2 | 53.00 | NOTE | |||
r-oldrel-macos-x86_64 | 0.2.2 | 86.00 | NOTE | |||
r-oldrel-windows-ix86+x86_64 | 0.2.2 | 18.00 | 142.00 | 160.00 | NOTE |
Version: 0.2.2
Check: LazyData
Result: NOTE
'LazyData' is specified without a 'data' directory
Flavors: r-devel-linux-x86_64-debian-clang, r-devel-linux-x86_64-debian-gcc, r-devel-linux-x86_64-fedora-clang, r-devel-linux-x86_64-fedora-gcc, r-devel-windows-x86_64, r-patched-linux-x86_64, r-release-linux-x86_64, r-release-macos-arm64, r-release-macos-x86_64, r-release-windows-x86_64, r-oldrel-macos-arm64, r-oldrel-macos-x86_64, r-oldrel-windows-ix86+x86_64