CRAN Package Check Results for Package glamlasso

Last updated on 2022-09-28 08:51:19 CEST.

Flavor Version Tinstall Tcheck Ttotal Status Flags
r-devel-linux-x86_64-debian-clang 3.0.1 139.46 36.46 175.92 OK
r-devel-linux-x86_64-debian-gcc 3.0.1 244.21 28.39 272.60 OK
r-devel-linux-x86_64-fedora-clang 3.0.1 227.93 OK
r-devel-linux-x86_64-fedora-gcc 3.0.1 239.09 OK
r-devel-windows-x86_64 3.0.1 82.00 84.00 166.00 OK
r-patched-linux-x86_64 3.0.1 110.23 34.77 145.00 OK
r-release-linux-x86_64 3.0.1 105.84 33.70 139.54 OK
r-release-macos-arm64 3.0.1 63.00 NOTE
r-release-macos-x86_64 3.0.1 94.00 NOTE
r-release-windows-x86_64 3.0.1 84.00 85.00 169.00 OK
r-oldrel-macos-arm64 3.0.1 101.00 NOTE
r-oldrel-macos-x86_64 3.0.1 171.00 NOTE
r-oldrel-windows-ix86+x86_64 3.0.1 201.00 99.00 300.00 OK

Check Details

Version: 3.0.1
Check: installed package size
Result: NOTE
     installed size is 10.4Mb
     sub-directories of 1Mb or more:
     libs 10.2Mb
Flavors: r-release-macos-arm64, r-release-macos-x86_64, r-oldrel-macos-arm64, r-oldrel-macos-x86_64