Last updated on 2023-03-25 19:54:04 CET.
Flavor | Version | Tinstall | Tcheck | Ttotal | Status | Flags |
---|---|---|---|---|---|---|
r-devel-linux-x86_64-debian-clang | 1.2.1 | 25.56 | 294.28 | 319.84 | OK | |
r-devel-linux-x86_64-debian-gcc | 1.2.1 | 24.89 | 221.69 | 246.58 | OK | |
r-devel-linux-x86_64-fedora-clang | 1.2.1 | 437.88 | OK | |||
r-devel-linux-x86_64-fedora-gcc | 1.2.1 | 410.18 | OK | |||
r-patched-linux-x86_64 | 1.2.1 | 30.16 | 282.92 | 313.08 | OK | |
r-release-linux-x86_64 | 1.2.1 | 24.77 | 279.19 | 303.96 | OK | |
r-release-macos-arm64 | 1.2.1 | 79.00 | OK | |||
r-release-macos-x86_64 | 1.2.1 | 113.00 | OK | |||
r-release-windows-x86_64 | 1.2.1 | 41.00 | 303.00 | 344.00 | OK | |
r-oldrel-macos-arm64 | 1.2.1 | 31.00 | OK | |||
r-oldrel-macos-x86_64 | 1.2.1 | 55.00 | OK | |||
r-oldrel-windows-ix86+x86_64 | 1.2.1 | 64.00 | 292.00 | 356.00 | NOTE |
Version: 1.2.1
Check: R code for possible problems
Result: NOTE
Initiating curl with CURL_SSL_BACKEND: openssl
Flavor: r-oldrel-windows-ix86+x86_64