CRAN Package Check Results for Package ggstatsplot

Last updated on 2022-08-09 20:53:50 CEST.

Flavor Version Tinstall Tcheck Ttotal Status Flags
r-devel-linux-x86_64-debian-clang 0.9.3 12.25 401.41 413.66 OK
r-devel-linux-x86_64-debian-gcc 0.9.3 8.60 286.70 295.30 OK
r-devel-linux-x86_64-fedora-clang 0.9.3 486.62 OK
r-devel-linux-x86_64-fedora-gcc 0.9.3 482.71 OK
r-devel-windows-x86_64 0.9.3 409.00 301.00 710.00 OK
r-patched-linux-x86_64 0.9.3 8.12 375.60 383.72 OK
r-release-linux-x86_64 0.9.3 OK
r-release-macos-arm64 0.9.3 6.00 ERROR
r-release-macos-x86_64 0.9.3 131.00 OK
r-release-windows-x86_64 0.9.3 661.00 310.00 971.00 OK
r-oldrel-macos-arm64 0.9.3 88.00 OK
r-oldrel-macos-x86_64 0.9.3 131.00 OK
r-oldrel-windows-ix86+x86_64 0.9.3 32.00 304.00 336.00 OK

Check Details

Version: 0.9.3
Check: package dependencies
Result: ERROR
    Packages required and available but unsuitable versions:
     'correlation', 'insight', 'parameters', 'statsExpressions'
    
    See section ‘The DESCRIPTION file’ in the ‘Writing R Extensions’
    manual.
Flavor: r-release-macos-arm64