CRAN Package Check Results for Package ggridges

Last updated on 2023-02-06 19:54:24 CET.

Flavor Version Tinstall Tcheck Ttotal Status Flags
r-devel-linux-x86_64-debian-clang 0.5.4 8.65 122.77 131.42 OK
r-devel-linux-x86_64-debian-gcc 0.5.4 5.68 87.38 93.06 OK
r-devel-linux-x86_64-fedora-clang 0.5.4 154.23 NOTE
r-devel-linux-x86_64-fedora-gcc 0.5.4 159.05 NOTE
r-devel-windows-x86_64 0.5.4 82.00 163.00 245.00 OK
r-patched-linux-x86_64 0.5.4 14.32 113.43 127.75 OK
r-release-linux-x86_64 0.5.4 5.73 115.44 121.17 OK
r-release-macos-arm64 0.5.4 63.00 NOTE
r-release-macos-x86_64 0.5.4 74.00 NOTE
r-release-windows-x86_64 0.5.4 83.00 181.00 264.00 OK
r-oldrel-macos-arm64 0.5.4 71.00 NOTE
r-oldrel-macos-x86_64 0.5.4 76.00 NOTE
r-oldrel-windows-ix86+x86_64 0.5.4 18.00 146.00 164.00 OK

Check Details

Version: 0.5.4
Check: data for non-ASCII characters
Result: NOTE
     Note: found 6242 marked UTF-8 strings
Flavors: r-devel-linux-x86_64-fedora-clang, r-devel-linux-x86_64-fedora-gcc, r-release-macos-arm64, r-release-macos-x86_64, r-oldrel-macos-arm64, r-oldrel-macos-x86_64