CRAN Package Check Results for Package ggplotAssist

Last updated on 2022-11-16 08:02:52 CET.

Flavor Version Tinstall Tcheck Ttotal Status Flags
r-devel-linux-x86_64-debian-clang 0.1.3 NOTE
r-devel-linux-x86_64-debian-gcc 0.1.3 9.76 67.58 77.34 NOTE
r-devel-linux-x86_64-fedora-clang 0.1.3 134.95 NOTE
r-devel-linux-x86_64-fedora-gcc 0.1.3 130.25 NOTE
r-devel-windows-x86_64 0.1.3 26.00 118.00 144.00 NOTE
r-patched-linux-x86_64 0.1.3 10.71 85.07 95.78 NOTE
r-release-linux-x86_64 0.1.3 7.82 85.16 92.98 NOTE
r-release-macos-arm64 0.1.3 36.00 NOTE
r-release-macos-x86_64 0.1.3 64.00 NOTE
r-release-windows-x86_64 0.1.3 34.00 122.00 156.00 NOTE
r-oldrel-macos-arm64 0.1.3 46.00 NOTE
r-oldrel-macos-x86_64 0.1.3 57.00 NOTE
r-oldrel-windows-ix86+x86_64 0.1.3 28.00 118.00 146.00 NOTE

Check Details

Version: 0.1.3
Check: LazyData
Result: NOTE
     'LazyData' is specified without a 'data' directory
Flavors: r-devel-linux-x86_64-debian-clang, r-devel-linux-x86_64-debian-gcc, r-devel-linux-x86_64-fedora-clang, r-devel-linux-x86_64-fedora-gcc, r-devel-windows-x86_64, r-patched-linux-x86_64, r-release-linux-x86_64, r-release-macos-arm64, r-release-macos-x86_64, r-release-windows-x86_64, r-oldrel-macos-arm64, r-oldrel-macos-x86_64, r-oldrel-windows-ix86+x86_64

Version: 0.1.3
Check: dependencies in R code
Result: NOTE
    Namespaces in Imports field not imported from:
     ‘gcookbook’ ‘ggthemes’ ‘moonBook’ ‘tidyverse’
     All declared Imports should be used.
Flavors: r-devel-linux-x86_64-fedora-clang, r-devel-linux-x86_64-fedora-gcc, r-release-macos-arm64, r-release-macos-x86_64, r-oldrel-macos-arm64, r-oldrel-macos-x86_64