CRAN Package Check Results for Package ggparty

Last updated on 2023-03-27 08:51:14 CEST.

Flavor Version Tinstall Tcheck Ttotal Status Flags
r-devel-linux-x86_64-debian-clang 1.0.0 13.01 263.04 276.05 NOTE
r-devel-linux-x86_64-debian-gcc 1.0.0 11.01 190.51 201.52 NOTE
r-devel-linux-x86_64-fedora-clang 1.0.0 328.28 NOTE
r-devel-linux-x86_64-fedora-gcc 1.0.0 361.26 NOTE
r-patched-linux-x86_64 1.0.0 15.20 255.01 270.21 NOTE
r-release-linux-x86_64 1.0.0 12.14 250.97 263.11 NOTE
r-release-macos-arm64 1.0.0 102.00 NOTE
r-release-macos-x86_64 1.0.0 191.00 NOTE
r-release-windows-x86_64 1.0.0 27.00 297.00 324.00 NOTE
r-oldrel-macos-arm64 1.0.0 150.00 NOTE
r-oldrel-macos-x86_64 1.0.0 158.00 NOTE
r-oldrel-windows-ix86+x86_64 1.0.0 27.00 277.00 304.00 NOTE

Check Details

Version: 1.0.0
Check: LazyData
Result: NOTE
     'LazyData' is specified without a 'data' directory
Flavors: r-devel-linux-x86_64-debian-clang, r-devel-linux-x86_64-debian-gcc, r-devel-linux-x86_64-fedora-clang, r-devel-linux-x86_64-fedora-gcc, r-patched-linux-x86_64, r-release-linux-x86_64, r-release-macos-arm64, r-release-macos-x86_64, r-release-windows-x86_64, r-oldrel-macos-arm64, r-oldrel-macos-x86_64, r-oldrel-windows-ix86+x86_64

Version: 1.0.0
Check: dependencies in R code
Result: NOTE
    Namespace in Imports field not imported from: ‘survival’
     All declared Imports should be used.
Flavors: r-devel-linux-x86_64-fedora-clang, r-devel-linux-x86_64-fedora-gcc, r-release-macos-arm64, r-release-macos-x86_64, r-oldrel-macos-arm64, r-oldrel-macos-x86_64