Last updated on 2023-03-25 19:54:04 CET.
Flavor | Version | Tinstall | Tcheck | Ttotal | Status | Flags |
---|---|---|---|---|---|---|
r-devel-linux-x86_64-debian-clang | 0.1.3 | 6.36 | 53.61 | 59.97 | OK | |
r-devel-linux-x86_64-debian-gcc | 0.1.3 | 4.56 | 40.92 | 45.48 | OK | |
r-devel-linux-x86_64-fedora-clang | 0.1.3 | 75.14 | NOTE | |||
r-devel-linux-x86_64-fedora-gcc | 0.1.3 | 73.27 | NOTE | |||
r-patched-linux-x86_64 | 0.1.3 | 5.44 | 53.31 | 58.75 | OK | |
r-release-linux-x86_64 | 0.1.3 | 4.99 | 53.32 | 58.31 | OK | |
r-release-macos-arm64 | 0.1.3 | 25.00 | NOTE | |||
r-release-macos-x86_64 | 0.1.3 | 45.00 | NOTE | |||
r-release-windows-x86_64 | 0.1.3 | 29.00 | 85.00 | 114.00 | OK | |
r-oldrel-macos-arm64 | 0.1.3 | 28.00 | NOTE | |||
r-oldrel-macos-x86_64 | 0.1.3 | 44.00 | NOTE | |||
r-oldrel-windows-ix86+x86_64 | 0.1.3 | 14.00 | 79.00 | 93.00 | OK |
Version: 0.1.3
Check: dependencies in R code
Result: NOTE
Namespace in Imports field not imported from: ‘utils’
All declared Imports should be used.
Flavors: r-devel-linux-x86_64-fedora-clang, r-devel-linux-x86_64-fedora-gcc, r-release-macos-arm64, r-release-macos-x86_64, r-oldrel-macos-arm64, r-oldrel-macos-x86_64