Last updated on 2023-03-28 08:54:51 CEST.
Flavor | Version | Tinstall | Tcheck | Ttotal | Status | Flags |
---|---|---|---|---|---|---|
r-devel-linux-x86_64-debian-clang | 0.3.1 | 13.51 | 113.37 | 126.88 | OK | |
r-devel-linux-x86_64-debian-gcc | 0.3.1 | 10.31 | 83.54 | 93.85 | OK | |
r-devel-linux-x86_64-fedora-clang | 0.3.1 | 150.74 | NOTE | |||
r-devel-linux-x86_64-fedora-gcc | 0.3.1 | 157.17 | NOTE | |||
r-devel-windows-x86_64 | 0.3.1 | 62.00 | 147.00 | 209.00 | OK | |
r-patched-linux-x86_64 | 0.3.1 | 7.74 | 106.18 | 113.92 | OK | |
r-release-linux-x86_64 | 0.3.1 | 7.39 | 109.72 | 117.11 | OK | |
r-release-macos-arm64 | 0.3.1 | 44.00 | NOTE | |||
r-release-macos-x86_64 | 0.3.1 | 82.00 | NOTE | |||
r-release-windows-x86_64 | 0.3.1 | 75.00 | 162.00 | 237.00 | OK | |
r-oldrel-macos-arm64 | 0.3.1 | 49.00 | NOTE | |||
r-oldrel-macos-x86_64 | 0.3.1 | 67.00 | NOTE | |||
r-oldrel-windows-ix86+x86_64 | 0.3.1 | 27.00 | 158.00 | 185.00 | OK |
Version: 0.3.1
Check: dependencies in R code
Result: NOTE
Namespace in Imports field not imported from: ‘magrittr’
All declared Imports should be used.
Flavors: r-devel-linux-x86_64-fedora-clang, r-devel-linux-x86_64-fedora-gcc, r-release-macos-arm64, r-release-macos-x86_64, r-oldrel-macos-arm64, r-oldrel-macos-x86_64