Last updated on 2023-09-22 20:51:54 CEST.
Flavor | Version | Tinstall | Tcheck | Ttotal | Status | Flags |
---|---|---|---|---|---|---|
r-devel-linux-x86_64-debian-clang | 0.4.2 | 6.84 | 50.68 | 57.52 | NOTE | |
r-devel-linux-x86_64-debian-gcc | 0.4.2 | 4.46 | 38.07 | 42.53 | NOTE | |
r-devel-linux-x86_64-fedora-clang | 0.4.2 | 71.13 | NOTE | |||
r-devel-linux-x86_64-fedora-gcc | 0.4.2 | 66.19 | NOTE | |||
r-devel-windows-x86_64 | 0.4.2 | 9.00 | 58.00 | 67.00 | NOTE | |
r-patched-linux-x86_64 | 0.4.2 | 10.23 | 47.61 | 57.84 | OK | |
r-release-linux-x86_64 | 0.4.2 | 5.99 | 46.79 | 52.78 | OK | |
r-release-macos-arm64 | 0.4.2 | 25.00 | OK | |||
r-release-macos-x86_64 | 0.4.2 | 32.00 | OK | |||
r-release-windows-x86_64 | 0.4.2 | 9.00 | 62.00 | 71.00 | OK | |
r-oldrel-macos-arm64 | 0.4.2 | 25.00 | OK | |||
r-oldrel-macos-x86_64 | 0.4.2 | 36.00 | OK | |||
r-oldrel-windows-x86_64 | 0.4.2 | 9.00 | 65.00 | 74.00 | OK |
Version: 0.4.2
Check: Rd \usage sections
Result: NOTE
Documented arguments not in \usage in documentation object 'attract_by_distance':
‘prop_start’ ‘prop_end’
Functions with \usage entries need to have the appropriate \alias
entries, and all their arguments documented.
The \usage entries must correspond to syntactically valid R code.
See chapter ‘Writing R documentation files’ in the ‘Writing R
Extensions’ manual.
Flavors: r-devel-linux-x86_64-debian-clang, r-devel-linux-x86_64-debian-gcc, r-devel-linux-x86_64-fedora-clang, r-devel-linux-x86_64-fedora-gcc, r-devel-windows-x86_64