CRAN Package Check Results for Package ggalt

Last updated on 2022-12-03 19:52:51 CET.

Flavor Version Tinstall Tcheck Ttotal Status Flags
r-devel-linux-x86_64-debian-clang 0.4.0 7.87 125.76 133.63 NOTE
r-devel-linux-x86_64-debian-gcc 0.4.0 7.58 91.64 99.22 NOTE
r-devel-linux-x86_64-fedora-clang 0.4.0 185.95 NOTE
r-devel-linux-x86_64-fedora-gcc 0.4.0 185.58 NOTE
r-devel-windows-x86_64 0.4.0 30.00 169.00 199.00 NOTE
r-patched-linux-x86_64 0.4.0 14.80 115.43 130.23 NOTE
r-release-linux-x86_64 0.4.0 9.56 113.91 123.47 NOTE
r-release-macos-arm64 0.4.0 55.00 NOTE
r-release-macos-x86_64 0.4.0 88.00 NOTE
r-release-windows-x86_64 0.4.0 42.00 157.00 199.00 NOTE
r-oldrel-macos-arm64 0.4.0 83.00 NOTE
r-oldrel-macos-x86_64 0.4.0 75.00 NOTE
r-oldrel-windows-ix86+x86_64 0.4.0 21.00 150.00 171.00 NOTE

Check Details

Version: 0.4.0
Check: LazyData
Result: NOTE
     'LazyData' is specified without a 'data' directory
Flavors: r-devel-linux-x86_64-debian-clang, r-devel-linux-x86_64-debian-gcc, r-devel-linux-x86_64-fedora-clang, r-devel-linux-x86_64-fedora-gcc, r-devel-windows-x86_64, r-patched-linux-x86_64, r-release-linux-x86_64, r-release-macos-arm64, r-release-macos-x86_64, r-release-windows-x86_64, r-oldrel-macos-arm64, r-oldrel-macos-x86_64, r-oldrel-windows-ix86+x86_64

Version: 0.4.0
Check: dependencies in R code
Result: NOTE
    Namespace in Imports field not imported from: ‘plotly’
     All declared Imports should be used.
Flavors: r-devel-linux-x86_64-fedora-clang, r-devel-linux-x86_64-fedora-gcc, r-release-macos-arm64, r-release-macos-x86_64, r-oldrel-macos-arm64, r-oldrel-macos-x86_64