CRAN Package Check Results for Package ggTimeSeries

Last updated on 2022-08-16 20:53:14 CEST.

Flavor Version Tinstall Tcheck Ttotal Status Flags
r-devel-linux-x86_64-debian-clang 1.0.2 6.69 85.65 92.34 NOTE
r-devel-linux-x86_64-debian-gcc 1.0.2 5.68 60.63 66.31 NOTE
r-devel-linux-x86_64-fedora-clang 1.0.2 116.61 NOTE
r-devel-linux-x86_64-fedora-gcc 1.0.2 111.35 NOTE
r-devel-windows-x86_64 1.0.2 23.00 118.00 141.00 NOTE
r-patched-linux-x86_64 1.0.2 7.35 76.93 84.28 OK
r-release-linux-x86_64 1.0.2 6.38 75.82 82.20 OK
r-release-macos-arm64 1.0.2 31.00 OK
r-release-macos-x86_64 1.0.2 59.00 OK
r-release-windows-x86_64 1.0.2 49.00 107.00 156.00 OK
r-oldrel-macos-arm64 1.0.2 31.00 OK
r-oldrel-macos-x86_64 1.0.2 47.00 OK
r-oldrel-windows-ix86+x86_64 1.0.2 18.00 111.00 129.00 OK

Check Details

Version: 1.0.2
Check: package subdirectories
Result: NOTE
    Problems with news in 'NEWS.md':
     Cannot extract version info from the following section titles:
     Win CRAN check results - R Windows
Flavors: r-devel-linux-x86_64-debian-clang, r-devel-linux-x86_64-debian-gcc, r-devel-linux-x86_64-fedora-clang, r-devel-linux-x86_64-fedora-gcc, r-devel-windows-x86_64