Last updated on 2023-12-01 07:50:06 CET.
Flavor | Version | Tinstall | Tcheck | Ttotal | Status | Flags |
---|---|---|---|---|---|---|
r-devel-linux-x86_64-debian-clang | 0.2.0 | 4.95 | 50.82 | 55.77 | NOTE | |
r-devel-linux-x86_64-debian-gcc | 0.2.0 | 4.10 | 39.41 | 43.51 | NOTE | |
r-devel-linux-x86_64-fedora-clang | 0.2.0 | 69.92 | OK | |||
r-devel-linux-x86_64-fedora-gcc | 0.2.0 | 77.84 | OK | |||
r-devel-windows-x86_64 | 0.2.0 | 7.00 | 64.00 | 71.00 | OK | |
r-patched-linux-x86_64 | 0.2.0 | 5.10 | 49.83 | 54.93 | OK | |
r-release-linux-x86_64 | 0.2.0 | 5.47 | 48.57 | 54.04 | OK | |
r-release-macos-arm64 | 0.2.0 | 34.00 | OK | |||
r-release-macos-x86_64 | 0.2.0 | 51.00 | OK | |||
r-release-windows-x86_64 | 0.2.0 | 9.00 | 68.00 | 77.00 | OK | |
r-oldrel-macos-arm64 | 0.2.0 | 29.00 | OK | |||
r-oldrel-macos-x86_64 | 0.2.0 | 39.00 | OK | |||
r-oldrel-windows-x86_64 | 0.2.0 | 10.00 | 74.00 | 84.00 | OK |
Version: 0.2.0
Check: Rd files
Result: NOTE
checkRd: (-1) gfonts.Rd:8: Lost braces; missing escapes or markup?
8 | Download Google fonts and generate CSS to use in {rmarkdown} documents and
| ^
checkRd: (-1) gfonts.Rd:9: Lost braces; missing escapes or markup?
9 | {shiny} applications. Some popular fonts are included and ready to use.
| ^
checkRd: (-1) use_pkg_gfont.Rd:5: Lost braces; missing escapes or markup?
5 | \title{Use a Google Font included in {gfonts}}
| ^
Flavors: r-devel-linux-x86_64-debian-clang, r-devel-linux-x86_64-debian-gcc