CRAN Package Check Results for Package gfilmm

Last updated on 2022-11-16 08:02:52 CET.

Flavor Version Tinstall Tcheck Ttotal Status Flags
r-devel-linux-x86_64-debian-clang 2.0.5 OK
r-devel-linux-x86_64-debian-gcc 2.0.5 90.80 180.81 271.61 OK
r-devel-linux-x86_64-fedora-clang 2.0.5 461.35 OK
r-devel-linux-x86_64-fedora-gcc 2.0.5 456.09 OK
r-devel-windows-x86_64 2.0.5 77.00 276.00 353.00 OK
r-patched-linux-x86_64 2.0.5 81.39 234.08 315.47 OK
r-release-linux-x86_64 2.0.5 70.15 236.15 306.30 OK
r-release-macos-arm64 2.0.5 149.00 NOTE
r-release-macos-x86_64 2.0.5 190.00 NOTE
r-release-windows-x86_64 2.0.5 70.00 307.00 377.00 OK
r-oldrel-macos-arm64 2.0.5 145.00 NOTE
r-oldrel-macos-x86_64 2.0.5 190.00 NOTE
r-oldrel-windows-ix86+x86_64 2.0.5 210.00 301.00 511.00 OK

Check Details

Version: 2.0.5
Check: installed package size
Result: NOTE
     installed size is 35.0Mb
     sub-directories of 1Mb or more:
     libs 34.4Mb
Flavors: r-release-macos-arm64, r-release-macos-x86_64, r-oldrel-macos-arm64, r-oldrel-macos-x86_64