CRAN Package Check Results for Package gesso

Last updated on 2022-08-09 20:53:50 CEST.

Flavor Version Tinstall Tcheck Ttotal Status Flags
r-devel-linux-x86_64-debian-clang 1.0.2 162.78 206.87 369.65 OK
r-devel-linux-x86_64-debian-gcc 1.0.2 151.14 164.30 315.44 OK
r-devel-linux-x86_64-fedora-clang 1.0.2 526.86 NOTE
r-devel-linux-x86_64-fedora-gcc 1.0.2 530.85 OK
r-devel-windows-x86_64 1.0.2 132.00 217.00 349.00 OK
r-patched-linux-x86_64 1.0.2 148.61 207.30 355.91 OK
r-release-linux-x86_64 1.0.2 OK
r-release-macos-arm64 1.0.2 127.00 NOTE
r-release-macos-x86_64 1.0.2 189.00 NOTE
r-release-windows-x86_64 1.0.2 115.00 226.00 341.00 OK
r-oldrel-macos-arm64 1.0.2 728.00 NOTE
r-oldrel-macos-x86_64 1.0.2 144.00 NOTE
r-oldrel-windows-ix86+x86_64 1.0.2 336.00 273.00 609.00 OK

Check Details

Version: 1.0.2
Check: installed package size
Result: NOTE
     installed size is 31.4Mb
     sub-directories of 1Mb or more:
     libs 31.0Mb
Flavors: r-devel-linux-x86_64-fedora-clang, r-release-macos-arm64, r-release-macos-x86_64, r-oldrel-macos-arm64, r-oldrel-macos-x86_64