Last updated on 2023-03-27 08:51:14 CEST.
Flavor | Version | Tinstall | Tcheck | Ttotal | Status | Flags |
---|---|---|---|---|---|---|
r-devel-linux-x86_64-debian-clang | 2.1.0 | 73.60 | 182.54 | 256.14 | OK | |
r-devel-linux-x86_64-debian-gcc | 2.1.0 | 55.23 | 135.08 | 190.31 | OK | |
r-devel-linux-x86_64-fedora-clang | 2.1.0 | 335.02 | NOTE | |||
r-devel-linux-x86_64-fedora-gcc | 2.1.0 | 342.31 | NOTE | |||
r-patched-linux-x86_64 | 2.1.0 | 58.20 | 173.73 | 231.93 | OK | |
r-release-linux-x86_64 | 2.1.0 | 50.33 | 173.20 | 223.53 | OK | |
r-release-macos-arm64 | 2.1.0 | 88.00 | NOTE | |||
r-release-macos-x86_64 | 2.1.0 | 115.00 | NOTE | |||
r-release-windows-x86_64 | 2.1.0 | 94.00 | 258.00 | 352.00 | OK | |
r-oldrel-macos-arm64 | 2.1.0 | 82.00 | NOTE | |||
r-oldrel-macos-x86_64 | 2.1.0 | 113.00 | NOTE | |||
r-oldrel-windows-ix86+x86_64 | 2.1.0 | 159.00 | 329.00 | 488.00 | OK |
Version: 2.1.0
Check: dependencies in R code
Result: NOTE
Namespace in Imports field not imported from: ‘Rcpp’
All declared Imports should be used.
Flavors: r-devel-linux-x86_64-fedora-clang, r-devel-linux-x86_64-fedora-gcc, r-release-macos-arm64, r-release-macos-x86_64, r-oldrel-macos-arm64, r-oldrel-macos-x86_64