Last updated on 2023-09-23 08:10:55 CEST.
Flavor | Version | Tinstall | Tcheck | Ttotal | Status | Flags |
---|---|---|---|---|---|---|
r-devel-linux-x86_64-debian-clang | 1.0.0 | 7.84 | 242.23 | 250.07 | OK | |
r-devel-linux-x86_64-debian-gcc | 1.0.0 | 5.04 | 184.45 | 189.49 | OK | |
r-devel-linux-x86_64-fedora-clang | 1.0.0 | 309.71 | NOTE | |||
r-devel-linux-x86_64-fedora-gcc | 1.0.0 | 321.59 | NOTE | |||
r-devel-windows-x86_64 | 1.0.0 | 8.00 | 210.00 | 218.00 | OK | |
r-patched-linux-x86_64 | 1.0.0 | 4.94 | 224.79 | 229.73 | OK | |
r-release-linux-x86_64 | 1.0.0 | 6.00 | 238.50 | 244.50 | OK | |
r-release-macos-arm64 | 1.0.0 | 102.00 | OK | |||
r-release-macos-x86_64 | 1.0.0 | 161.00 | OK | |||
r-release-windows-x86_64 | 1.0.0 | 12.00 | 290.00 | 302.00 | OK | |
r-oldrel-macos-arm64 | 1.0.0 | 79.00 | NOTE | |||
r-oldrel-macos-x86_64 | 1.0.0 | 182.00 | NOTE | |||
r-oldrel-windows-x86_64 | 1.0.0 | 12.00 | 288.00 | 300.00 | OK |
Version: 1.0.0
Check: dependencies in R code
Result: NOTE
Namespaces in Imports field not imported from:
‘pander’ ‘readr’ ‘tidyr’
All declared Imports should be used.
Flavors: r-devel-linux-x86_64-fedora-clang, r-devel-linux-x86_64-fedora-gcc, r-oldrel-macos-arm64, r-oldrel-macos-x86_64
Version: 1.0.0
Check: data for non-ASCII characters
Result: NOTE
Note: found 80 marked UTF-8 strings
Flavors: r-devel-linux-x86_64-fedora-clang, r-devel-linux-x86_64-fedora-gcc, r-oldrel-macos-arm64, r-oldrel-macos-x86_64