Last updated on 2023-02-04 19:58:12 CET.
Flavor | Version | Tinstall | Tcheck | Ttotal | Status | Flags |
---|---|---|---|---|---|---|
r-devel-linux-x86_64-debian-clang | 1.9-2 | 28.71 | 161.18 | 189.89 | OK | |
r-devel-linux-x86_64-debian-gcc | 1.9-2 | 22.34 | 116.99 | 139.33 | OK | |
r-devel-linux-x86_64-fedora-clang | 1.9-2 | 229.27 | NOTE | |||
r-devel-linux-x86_64-fedora-gcc | 1.9-2 | 221.06 | OK | |||
r-devel-windows-x86_64 | 1.9-2 | 80.00 | 190.00 | 270.00 | OK | |
r-patched-linux-x86_64 | 1.9-2 | 39.89 | 168.00 | 207.89 | OK | |
r-release-linux-x86_64 | 1.9-2 | 33.57 | 164.68 | 198.25 | OK | |
r-release-macos-arm64 | 1.9-2 | 101.00 | OK | |||
r-release-macos-x86_64 | 1.9-2 | 164.00 | OK | |||
r-release-windows-x86_64 | 1.9-2 | 86.00 | 206.00 | 292.00 | OK | |
r-oldrel-macos-arm64 | 1.9-2 | 93.00 | OK | |||
r-oldrel-macos-x86_64 | 1.9-2 | 159.00 | OK | |||
r-oldrel-windows-ix86+x86_64 | 1.9-2 | 48.00 | 196.00 | 244.00 | OK |
Version: 1.9-2
Check: Rd cross-references
Result: NOTE
Undeclared package ‘car’ in Rd xrefs
Flavor: r-devel-linux-x86_64-fedora-clang