Last updated on 2023-03-25 19:54:04 CET.
Flavor | Version | Tinstall | Tcheck | Ttotal | Status | Flags |
---|---|---|---|---|---|---|
r-devel-linux-x86_64-debian-clang | 1.0.4 | 15.46 | 238.46 | 253.92 | NOTE | |
r-devel-linux-x86_64-debian-gcc | 1.0.4 | 12.05 | 166.39 | 178.44 | NOTE | |
r-devel-linux-x86_64-fedora-clang | 1.0.4 | 305.01 | NOTE | |||
r-devel-linux-x86_64-fedora-gcc | 1.0.4 | 298.90 | NOTE | |||
r-patched-linux-x86_64 | 1.0.4 | 16.33 | 212.99 | 229.32 | OK | |
r-release-linux-x86_64 | 1.0.4 | 15.20 | 213.90 | 229.10 | OK | |
r-release-macos-arm64 | 1.0.4 | 70.00 | OK | |||
r-release-macos-x86_64 | 1.0.4 | 121.00 | OK | |||
r-release-windows-x86_64 | 1.0.4 | 37.00 | 267.00 | 304.00 | OK | |
r-oldrel-macos-arm64 | 1.0.4 | 89.00 | OK | |||
r-oldrel-macos-x86_64 | 1.0.4 | 143.00 | OK | |||
r-oldrel-windows-ix86+x86_64 | 1.0.4 | 32.00 | 273.00 | 305.00 | OK |
Version: 1.0.4
Check: package subdirectories
Result: NOTE
Problems with news in ‘NEWS.md’:
No news entries found.
Flavors: r-devel-linux-x86_64-debian-clang, r-devel-linux-x86_64-debian-gcc, r-devel-linux-x86_64-fedora-clang, r-devel-linux-x86_64-fedora-gcc