Last updated on 2023-10-02 20:12:00 CEST.
Flavor | Version | Tinstall | Tcheck | Ttotal | Status | Flags |
---|---|---|---|---|---|---|
r-devel-linux-x86_64-debian-clang | 1.2.6 | 11.50 | 308.25 | 319.75 | OK | |
r-devel-linux-x86_64-debian-gcc | 1.2.6 | 8.15 | 257.32 | 265.47 | OK | |
r-devel-linux-x86_64-fedora-clang | 1.2.6 | 375.98 | NOTE | |||
r-devel-linux-x86_64-fedora-gcc | 1.2.6 | 409.65 | OK | |||
r-devel-windows-x86_64 | 1.2.6 | 10.00 | 373.00 | 383.00 | OK | |
r-patched-linux-x86_64 | 1.2.6 | 10.66 | 313.95 | 324.61 | OK | |
r-release-linux-x86_64 | 1.2.6 | 7.31 | 309.21 | 316.52 | OK | |
r-release-macos-arm64 | 1.2.6 | 143.00 | OK | |||
r-release-macos-x86_64 | 1.2.6 | 192.00 | OK | |||
r-release-windows-x86_64 | 1.2.6 | 16.00 | 352.00 | 368.00 | OK | |
r-oldrel-macos-arm64 | 1.2.6 | 100.00 | OK | |||
r-oldrel-macos-x86_64 | 1.2.6 | 149.00 | OK | |||
r-oldrel-windows-x86_64 | 1.2.6 | 15.00 | 347.00 | 362.00 | OK |
Version: 1.2.6
Check: package dependencies
Result: NOTE
Imports includes 22 non-default packages.
Importing from so many packages makes the package vulnerable to any of
them becoming unavailable. Move as many as possible to Suggests and
use conditionally.
Flavor: r-devel-linux-x86_64-fedora-clang