CRAN Package Check Results for Package genBaRcode

Last updated on 2022-10-07 20:52:21 CEST.

Flavor Version Tinstall Tcheck Ttotal Status Flags
r-devel-linux-x86_64-debian-clang 1.2.5 13.14 305.11 318.25 OK
r-devel-linux-x86_64-debian-gcc 1.2.5 8.68 257.86 266.54 OK
r-devel-linux-x86_64-fedora-clang 1.2.5 402.12 NOTE
r-devel-linux-x86_64-fedora-gcc 1.2.5 395.53 OK
r-devel-windows-x86_64 1.2.5 17.00 456.00 473.00 OK
r-patched-linux-x86_64 1.2.5 10.65 310.59 321.24 OK
r-release-linux-x86_64 1.2.5 6.82 315.25 322.07 OK
r-release-macos-arm64 1.2.5 136.00 OK
r-release-macos-x86_64 1.2.5 155.00 OK
r-release-windows-x86_64 1.2.5 75.00 454.00 529.00 OK
r-oldrel-macos-arm64 1.2.5 124.00 OK
r-oldrel-macos-x86_64 1.2.5 144.00 OK
r-oldrel-windows-ix86+x86_64 1.2.5 26.00 392.00 418.00 OK

Check Details

Version: 1.2.5
Check: package dependencies
Result: NOTE
    Imports includes 22 non-default packages.
    Importing from so many packages makes the package vulnerable to any of
    them becoming unavailable. Move as many as possible to Suggests and
    use conditionally.
Flavor: r-devel-linux-x86_64-fedora-clang