Last updated on 2023-03-25 07:59:35 CET.
Flavor | Version | Tinstall | Tcheck | Ttotal | Status | Flags |
---|---|---|---|---|---|---|
r-devel-linux-x86_64-debian-clang | 3.0.4 | 17.50 | 145.75 | 163.25 | OK | |
r-devel-linux-x86_64-debian-gcc | 3.0.4 | 14.51 | 108.31 | 122.82 | OK | |
r-devel-linux-x86_64-fedora-clang | 3.0.4 | 198.12 | NOTE | |||
r-devel-linux-x86_64-fedora-gcc | 3.0.4 | 199.61 | NOTE | |||
r-patched-linux-x86_64 | 3.0.4 | 15.24 | 135.29 | 150.53 | OK | |
r-release-linux-x86_64 | 3.0.4 | 11.17 | 135.52 | 146.69 | OK | |
r-release-macos-arm64 | 3.0.4 | 50.00 | NOTE | |||
r-release-macos-x86_64 | 3.0.4 | 106.00 | NOTE | |||
r-release-windows-x86_64 | 3.0.4 | 30.00 | 164.00 | 194.00 | OK | |
r-oldrel-macos-arm64 | 3.0.4 | 70.00 | NOTE | |||
r-oldrel-macos-x86_64 | 3.0.4 | 101.00 | NOTE | |||
r-oldrel-windows-ix86+x86_64 | 3.0.4 | 37.00 | 162.00 | 199.00 | OK |
Version: 3.0.4
Check: dependencies in R code
Result: NOTE
Namespace in Imports field not imported from: ‘dplyr’
All declared Imports should be used.
Flavors: r-devel-linux-x86_64-fedora-clang, r-devel-linux-x86_64-fedora-gcc, r-release-macos-arm64, r-release-macos-x86_64, r-oldrel-macos-arm64, r-oldrel-macos-x86_64