Last updated on 2023-12-01 07:50:07 CET.
Flavor | Version | Tinstall | Tcheck | Ttotal | Status | Flags |
---|---|---|---|---|---|---|
r-devel-linux-x86_64-debian-clang | 3.0.5 | 18.63 | 890.41 | 909.04 | OK | |
r-devel-linux-x86_64-debian-gcc | 3.0.5 | 15.36 | 675.52 | 690.88 | OK | |
r-devel-linux-x86_64-fedora-clang | 3.0.5 | 1124.16 | OK | |||
r-devel-linux-x86_64-fedora-gcc | 3.0.5 | 1123.35 | OK | |||
r-devel-windows-x86_64 | 3.0.5 | 16.00 | 721.00 | 737.00 | OK | |
r-patched-linux-x86_64 | 3.0.5 | 14.54 | 885.30 | 899.84 | OK | |
r-release-linux-x86_64 | 3.0.5 | 13.78 | 866.61 | 880.39 | OK | |
r-release-macos-arm64 | 3.0.5 | 294.00 | OK | |||
r-release-macos-x86_64 | 3.0.5 | 511.00 | OK | |||
r-release-windows-x86_64 | 3.0.5 | 22.00 | 849.00 | 871.00 | OK | |
r-oldrel-macos-arm64 | 3.0.5 | 283.00 | OK | |||
r-oldrel-macos-x86_64 | 3.0.4 | 106.00 | NOTE | |||
r-oldrel-windows-x86_64 | 3.0.5 | 24.00 | 807.00 | 831.00 | OK |
Version: 3.0.4
Check: dependencies in R code
Result: NOTE
Namespace in Imports field not imported from: ‘dplyr’
All declared Imports should be used.
Flavor: r-oldrel-macos-x86_64