Last updated on 2023-03-28 08:54:51 CEST.
Flavor | Version | Tinstall | Tcheck | Ttotal | Status | Flags |
---|---|---|---|---|---|---|
r-devel-linux-x86_64-debian-clang | 0.2.0 | 11.50 | 99.54 | 111.04 | OK | |
r-devel-linux-x86_64-debian-gcc | 0.2.0 | 9.16 | 75.36 | 84.52 | OK | |
r-devel-linux-x86_64-fedora-clang | 0.2.0 | 136.21 | NOTE | |||
r-devel-linux-x86_64-fedora-gcc | 0.2.0 | 141.51 | NOTE | |||
r-patched-linux-x86_64 | 0.2.0 | 9.60 | 98.31 | 107.91 | OK | |
r-release-linux-x86_64 | 0.2.0 | 11.62 | 95.54 | 107.16 | OK | |
r-release-macos-arm64 | 0.2.0 | 58.00 | NOTE | |||
r-release-macos-x86_64 | 0.2.0 | 65.00 | NOTE | |||
r-release-windows-x86_64 | 0.2.0 | 19.00 | 131.00 | 150.00 | OK | |
r-oldrel-macos-arm64 | 0.2.0 | 43.00 | NOTE | |||
r-oldrel-macos-x86_64 | 0.2.0 | 55.00 | NOTE | |||
r-oldrel-windows-ix86+x86_64 | 0.2.0 | 23.00 | 134.00 | 157.00 | OK |
Version: 0.2.0
Check: dependencies in R code
Result: NOTE
Namespaces in Imports field not imported from:
‘MASS’ ‘MCMCpack’ ‘ggplot2’ ‘moments’
All declared Imports should be used.
Flavors: r-devel-linux-x86_64-fedora-clang, r-devel-linux-x86_64-fedora-gcc, r-release-macos-arm64, r-release-macos-x86_64, r-oldrel-macos-arm64, r-oldrel-macos-x86_64