CRAN Package Check Results for Package gJLS2

Last updated on 2024-07-23 08:49:06 CEST.

Flavor Version Tinstall Tcheck Ttotal Status Flags
r-devel-linux-x86_64-debian-clang 0.2.0 7.48 96.73 104.21 OK
r-devel-linux-x86_64-debian-gcc 0.2.0 7.95 73.44 81.39 OK
r-devel-linux-x86_64-fedora-clang 0.2.0 136.13 NOTE
r-devel-linux-x86_64-fedora-gcc 0.2.0 140.22 NOTE
r-devel-windows-x86_64 0.2.0 9.00 84.00 93.00 OK
r-patched-linux-x86_64 0.2.0 10.49 93.93 104.42 OK
r-release-linux-x86_64 0.2.0 10.07 91.29 101.36 OK
r-release-macos-arm64 0.2.0 46.00 OK
r-release-macos-x86_64 0.2.0 69.00 OK
r-release-windows-x86_64 0.2.0 10.00 85.00 95.00 OK
r-oldrel-macos-arm64 0.2.0 48.00 OK
r-oldrel-macos-x86_64 0.2.0 80.00 OK
r-oldrel-windows-x86_64 0.2.0 12.00 104.00 116.00 OK

Check Details

Version: 0.2.0
Check: dependencies in R code
Result: NOTE Namespaces in Imports field not imported from: ‘MASS’ ‘MCMCpack’ ‘ggplot2’ ‘moments’ All declared Imports should be used. Flavors: r-devel-linux-x86_64-fedora-clang, r-devel-linux-x86_64-fedora-gcc