CRAN Package Check Results for Package frair

Last updated on 2022-09-28 08:51:18 CEST.

Flavor Version Tinstall Tcheck Ttotal Status Flags
r-devel-linux-x86_64-debian-clang 0.5.100 12.00 110.88 122.88 NOTE
r-devel-linux-x86_64-debian-gcc 0.5.100 8.14 84.93 93.07 NOTE
r-devel-linux-x86_64-fedora-clang 0.5.100 187.58 NOTE
r-devel-linux-x86_64-fedora-gcc 0.5.100 192.77 NOTE
r-devel-windows-x86_64 0.5.100 25.00 127.00 152.00 NOTE
r-patched-linux-x86_64 0.5.100 16.02 104.55 120.57 OK
r-release-linux-x86_64 0.5.100 9.35 106.22 115.57 OK
r-release-macos-arm64 0.5.100 41.00 OK
r-release-macos-x86_64 0.5.100 64.00 OK
r-release-windows-x86_64 0.5.100 21.00 138.00 159.00 OK
r-oldrel-macos-arm64 0.5.100 49.00 OK
r-oldrel-macos-x86_64 0.5.100 88.00 OK
r-oldrel-windows-ix86+x86_64 0.5.100 25.00 127.00 152.00 OK

Check Details

Version: 0.5.100
Check: package subdirectories
Result: NOTE
    Problems with news in 'NEWS.md':
    No news entries found.
Flavors: r-devel-linux-x86_64-debian-clang, r-devel-linux-x86_64-debian-gcc, r-devel-linux-x86_64-fedora-clang, r-devel-linux-x86_64-fedora-gcc, r-devel-windows-x86_64