Last updated on 2023-03-28 08:54:50 CEST.
Flavor | Version | Tinstall | Tcheck | Ttotal | Status | Flags |
---|---|---|---|---|---|---|
r-devel-linux-x86_64-debian-clang | 1.3.7 | 53.47 | 124.15 | 177.62 | WARN | |
r-devel-linux-x86_64-debian-gcc | 1.3.7 | 38.57 | 91.62 | 130.19 | OK | |
r-devel-linux-x86_64-fedora-clang | 1.3.7 | 225.50 | WARN | |||
r-devel-linux-x86_64-fedora-gcc | 1.3.7 | 206.28 | OK | |||
r-patched-linux-x86_64 | 1.3.7 | 42.10 | 115.10 | 157.20 | OK | |
r-release-linux-x86_64 | 1.3.7 | 38.02 | 110.45 | 148.47 | OK | |
r-release-macos-arm64 | 1.3.7 | 51.00 | OK | |||
r-release-macos-x86_64 | 1.3.7 | 104.00 | OK | |||
r-release-windows-x86_64 | 1.3.7 | 156.00 | 173.00 | 329.00 | OK | |
r-oldrel-macos-arm64 | 1.3.7 | 47.00 | OK | |||
r-oldrel-macos-x86_64 | 1.3.7 | 72.00 | OK | |||
r-oldrel-windows-ix86+x86_64 | 1.3.7 | 104.00 | 187.00 | 291.00 | OK |
Version: 1.3.7
Check: whether package can be installed
Result: WARN
Found the following significant warnings:
hcubature.c:863:12: warning: variable 'ret' is uninitialized when used here [-Wuninitialized]
See ‘/home/hornik/tmp/R.check/r-devel-clang/Work/PKGS/frailtySurv.Rcheck/00install.out’ for details.
* used C compiler: ‘Debian clang version 15.0.6’
* used C++ compiler: ‘Debian clang version 15.0.6’
Flavor: r-devel-linux-x86_64-debian-clang
Version: 1.3.7
Check: whether package can be installed
Result: WARN
Found the following significant warnings:
hcubature.c:863:12: warning: variable 'ret' is uninitialized when used here [-Wuninitialized]
See ‘/data/gannet/ripley/R/packages/tests-clang/frailtySurv.Rcheck/00install.out’ for details.
* used C compiler: ‘clang version 16.0.0’
* used C++ compiler: ‘clang version 16.0.0’
Flavor: r-devel-linux-x86_64-fedora-clang