CRAN Package Check Results for Package fontcm

Last updated on 2022-12-05 07:53:41 CET.

Flavor Version Tinstall Tcheck Ttotal Status Flags
r-devel-linux-x86_64-debian-clang 1.1 2.86 19.18 22.04 NOTE
r-devel-linux-x86_64-debian-gcc 1.1 2.07 15.18 17.25 NOTE
r-devel-linux-x86_64-fedora-clang 1.1 37.21 NOTE
r-devel-linux-x86_64-fedora-gcc 1.1 36.08 NOTE
r-devel-windows-x86_64 1.1 48.00 49.00 97.00 NOTE
r-patched-linux-x86_64 1.1 2.65 18.95 21.60 NOTE
r-release-linux-x86_64 1.1 2.60 19.03 21.63 NOTE
r-release-macos-arm64 1.1 12.00 NOTE
r-release-macos-x86_64 1.1 18.00 NOTE
r-release-windows-x86_64 1.1 38.00 44.00 82.00 NOTE
r-oldrel-macos-arm64 1.1 16.00 NOTE
r-oldrel-macos-x86_64 1.1 21.00 NOTE
r-oldrel-windows-ix86+x86_64 1.1 5.00 42.00 47.00 NOTE

Check Details

Version: 1.1
Check: DESCRIPTION meta-information
Result: NOTE
    Malformed Description field: should contain one or more complete sentences.
Flavors: r-devel-linux-x86_64-debian-clang, r-devel-linux-x86_64-debian-gcc, r-devel-linux-x86_64-fedora-clang, r-devel-linux-x86_64-fedora-gcc, r-devel-windows-x86_64, r-patched-linux-x86_64, r-release-linux-x86_64, r-release-macos-arm64, r-release-macos-x86_64, r-release-windows-x86_64, r-oldrel-macos-arm64, r-oldrel-macos-x86_64, r-oldrel-windows-ix86+x86_64

Version: 1.1
Check: installed package size
Result: NOTE
     installed size is 6.7Mb
     sub-directories of 1Mb or more:
     fonts 6.6Mb
Flavors: r-devel-linux-x86_64-fedora-clang, r-devel-windows-x86_64, r-release-macos-arm64, r-release-macos-x86_64, r-release-windows-x86_64, r-oldrel-macos-arm64, r-oldrel-macos-x86_64, r-oldrel-windows-ix86+x86_64