Last updated on 2022-08-09 20:53:49 CEST.
Flavor | Version | Tinstall | Tcheck | Ttotal | Status | Flags |
---|---|---|---|---|---|---|
r-devel-linux-x86_64-debian-clang | 0.10.4 | 137.17 | 328.76 | 465.93 | NOTE | |
r-devel-linux-x86_64-debian-gcc | 0.10.4 | 111.22 | 300.16 | 411.38 | NOTE | |
r-devel-linux-x86_64-fedora-clang | 0.10.4 | 610.18 | NOTE | |||
r-devel-linux-x86_64-fedora-gcc | 0.10.4 | 564.88 | NOTE | |||
r-devel-windows-x86_64 | 0.10.4 | 147.00 | 333.00 | 480.00 | NOTE | |
r-patched-linux-x86_64 | 0.10.4 | 127.82 | 321.85 | 449.67 | OK | |
r-release-linux-x86_64 | 0.10.4 | OK | ||||
r-release-macos-arm64 | 0.10.4 | 110.00 | NOTE | |||
r-release-macos-x86_64 | 0.10.4 | 172.00 | NOTE | |||
r-release-windows-x86_64 | 0.10.4 | 169.00 | 327.00 | 496.00 | NOTE | |
r-oldrel-macos-arm64 | 0.10.4 | 111.00 | NOTE | |||
r-oldrel-macos-x86_64 | 0.10.4 | 157.00 | NOTE | |||
r-oldrel-windows-ix86+x86_64 | 0.10.4 | 293.00 | 434.00 | 727.00 | NOTE |
Version: 0.10.4
Check: Rd files
Result: NOTE
checkRd: (-1) etable.Rd:494: Escaped LaTeX specials: \$
Flavors: r-devel-linux-x86_64-debian-clang, r-devel-linux-x86_64-debian-gcc, r-devel-linux-x86_64-fedora-clang, r-devel-linux-x86_64-fedora-gcc, r-devel-windows-x86_64
Version: 0.10.4
Check: installed package size
Result: NOTE
installed size is 10.1Mb
sub-directories of 1Mb or more:
R 1.3Mb
doc 3.6Mb
libs 4.2Mb
Flavors: r-devel-linux-x86_64-fedora-clang, r-devel-windows-x86_64, r-release-macos-arm64, r-release-macos-x86_64, r-release-windows-x86_64, r-oldrel-macos-arm64, r-oldrel-macos-x86_64, r-oldrel-windows-ix86+x86_64
Version: 0.10.4
Check: package dependencies
Result: NOTE
Package suggested but not available for checking: ‘pdftools’
Flavor: r-release-macos-x86_64