CRAN Package Check Results for Package fingerPro

Last updated on 2023-12-01 07:50:04 CET.

Flavor Version Tinstall Tcheck Ttotal Status Flags
r-devel-linux-x86_64-debian-clang 1.1 44.47 165.53 210.00 OK
r-devel-linux-x86_64-debian-gcc 1.1 30.26 121.81 152.07 OK
r-devel-linux-x86_64-fedora-clang 1.1 265.36 NOTE
r-devel-linux-x86_64-fedora-gcc 1.1 266.00 NOTE
r-devel-windows-x86_64 1.1 38.00 190.00 228.00 OK
r-patched-linux-x86_64 1.1 37.31 157.65 194.96 OK
r-release-linux-x86_64 1.1 32.83 159.20 192.03 OK
r-release-macos-arm64 1.1 84.00 OK
r-release-macos-x86_64 1.1 129.00 OK
r-release-windows-x86_64 1.1 48.00 174.00 222.00 OK
r-oldrel-macos-arm64 1.1 110.00 NOTE
r-oldrel-macos-x86_64 1.1 193.00 NOTE
r-oldrel-windows-x86_64 1.1 45.00 174.00 219.00 OK

Check Details

Version: 1.1
Check: dependencies in R code
Result: NOTE Namespace in Imports field not imported from: ‘RcppProgress’ All declared Imports should be used. Flavors: r-devel-linux-x86_64-fedora-clang, r-devel-linux-x86_64-fedora-gcc, r-oldrel-macos-arm64, r-oldrel-macos-x86_64